{"id":29,"date":"2018-11-12T19:17:28","date_gmt":"2018-11-12T19:17:28","guid":{"rendered":"http:\/\/profamilia-root.ch\/?page_id=29"},"modified":"2022-06-22T08:32:47","modified_gmt":"2022-06-22T08:32:47","slug":"spittelweg-1-3-7-9","status":"publish","type":"page","link":"https:\/\/profamilia-root.ch\/?page_id=29","title":{"rendered":"Spittelweg 1, 5, 7, 9"},"content":{"rendered":"<figure id=\"attachment_35\" aria-describedby=\"caption-attachment-35\" style=\"width: 300px\" class=\"wp-caption alignnone\"><img fetchpriority=\"high\" decoding=\"async\" class=\"size-medium wp-image-35\" src=\"http:\/\/profamilia-root.ch\/wp-content\/uploads\/2018\/11\/161014-14-300x225.jpg\" alt=\"\" width=\"300\" height=\"225\" srcset=\"https:\/\/profamilia-root.ch\/wp-content\/uploads\/2018\/11\/161014-14-300x225.jpg 300w, https:\/\/profamilia-root.ch\/wp-content\/uploads\/2018\/11\/161014-14-768x576.jpg 768w, https:\/\/profamilia-root.ch\/wp-content\/uploads\/2018\/11\/161014-14-1024x768.jpg 1024w\" sizes=\"(max-width: 300px) 100vw, 300px\" \/><figcaption id=\"caption-attachment-35\" class=\"wp-caption-text\">Spittelweg<\/figcaption><\/figure>\n<p>&nbsp;<\/p>\n<p><img decoding=\"async\" class=\"alignnone size-medium wp-image-222\" src=\"http:\/\/profamilia-root.ch\/wp-content\/uploads\/2018\/11\/DORF_ROOT_EXT_CAM_02-1-300x212.jpg\" alt=\"\" width=\"300\" height=\"212\" srcset=\"https:\/\/profamilia-root.ch\/wp-content\/uploads\/2018\/11\/DORF_ROOT_EXT_CAM_02-1-300x212.jpg 300w, https:\/\/profamilia-root.ch\/wp-content\/uploads\/2018\/11\/DORF_ROOT_EXT_CAM_02-1-768x543.jpg 768w, https:\/\/profamilia-root.ch\/wp-content\/uploads\/2018\/11\/DORF_ROOT_EXT_CAM_02-1-1024x724.jpg 1024w\" sizes=\"(max-width: 300px) 100vw, 300px\" \/><\/p>\n<p>Am Spittelweg entstanden 31 Wohnungen f\u00fcr Familien und SeniorInnen.<\/p>\n<p>Am 6. Juli 2017 wurde der Bau &#8222;Spittelweg&#8220; durch den Kanton Luzern mit der Anerkennung f\u00fcr gute Baukultur ausgezeichnet (Link).<\/p>\n<p>Unser Architekten B\u00fchler und F\u00f6hn nahmen den Preis entgegen.<\/p>\n<p><a href=\"https:\/\/www.youtube.com\/watch?v=bOy00AdqJ-w&amp;t=274s\">https:\/\/www.youtube.com\/watch?v=bOy00AdqJ-w&amp;t=274s<\/a><\/p>\n","protected":false},"excerpt":{"rendered":"<p>&nbsp; Am Spittelweg entstanden 31 Wohnungen f\u00fcr Familien und SeniorInnen. Am 6. Juli 2017 wurde der Bau &#8222;Spittelweg&#8220; durch den Kanton Luzern mit der Anerkennung f\u00fcr gute Baukultur ausgezeichnet (Link). Unser Architekten B\u00fchler und F\u00f6hn nahmen den Preis entgegen. https:\/\/www.youtube.com\/watch?v=bOy00AdqJ-w&amp;t=274s<\/p>\n","protected":false},"author":1,"featured_media":0,"parent":0,"menu_order":0,"comment_status":"closed","ping_status":"closed","template":"","meta":{"footnotes":""},"class_list":["post-29","page","type-page","status-publish","hentry"],"_links":{"self":[{"href":"https:\/\/profamilia-root.ch\/index.php?rest_route=\/wp\/v2\/pages\/29","targetHints":{"allow":["GET"]}}],"collection":[{"href":"https:\/\/profamilia-root.ch\/index.php?rest_route=\/wp\/v2\/pages"}],"about":[{"href":"https:\/\/profamilia-root.ch\/index.php?rest_route=\/wp\/v2\/types\/page"}],"author":[{"embeddable":true,"href":"https:\/\/profamilia-root.ch\/index.php?rest_route=\/wp\/v2\/users\/1"}],"replies":[{"embeddable":true,"href":"https:\/\/profamilia-root.ch\/index.php?rest_route=%2Fwp%2Fv2%2Fcomments&post=29"}],"version-history":[{"count":5,"href":"https:\/\/profamilia-root.ch\/index.php?rest_route=\/wp\/v2\/pages\/29\/revisions"}],"predecessor-version":[{"id":648,"href":"https:\/\/profamilia-root.ch\/index.php?rest_route=\/wp\/v2\/pages\/29\/revisions\/648"}],"wp:attachment":[{"href":"https:\/\/profamilia-root.ch\/index.php?rest_route=%2Fwp%2Fv2%2Fmedia&parent=29"}],"curies":[{"name":"wp","href":"https:\/\/api.w.org\/{rel}","templated":true}]}}

<figure id="attachment_35" aria-describedby="caption-attachment-35" style="width: 300px" class="wp-caption alignnone"><img fetchpriority="high" decoding="async" class="size-medium wp-image-35" src="http://profamilia-root.ch/wp-content/uploads/2018/11/161014-14-300x225.jpg" alt="" width="300" height="225" srcset="https://profamilia-root.ch/wp-content/uploads/2018/11/161014-14-300x225.jpg 300w, https://profamilia-root.ch/wp-content/uploads/2018/11/161014-14-768x576.jpg 768w, https://profamilia-root.ch/wp-content/uploads/2018/11/161014-14-1024x768.jpg 1024w" sizes="(max-width: 300px) 100vw, 300px" /><figcaption id="caption-attachment-35" class="wp-caption-text">Spittelweg</figcaption></figure>
<p>&nbsp;</p>
<p><img decoding="async" class="alignnone size-medium wp-image-222" src="http://profamilia-root.ch/wp-content/uploads/2018/11/DORF_ROOT_EXT_CAM_02-1-300x212.jpg" alt="" width="300" height="212" srcset="https://profamilia-root.ch/wp-content/uploads/2018/11/DORF_ROOT_EXT_CAM_02-1-300x212.jpg 300w, https://profamilia-root.ch/wp-content/uploads/2018/11/DORF_ROOT_EXT_CAM_02-1-768x543.jpg 768w, https://profamilia-root.ch/wp-content/uploads/2018/11/DORF_ROOT_EXT_CAM_02-1-1024x724.jpg 1024w" sizes="(max-width: 300px) 100vw, 300px" /></p>
<p>Am Spittelweg entstanden 31 Wohnungen für Familien und SeniorInnen.</p>
<p>Am 6. Juli 2017 wurde der Bau &#8222;Spittelweg&#8220; durch den Kanton Luzern mit der Anerkennung für gute Baukultur ausgezeichnet (Link).</p>
<p>Unser Architekten Bühler und Föhn nahmen den Preis entgegen.</p>
<p><a href="https://www.youtube.com/watch?v=bOy00AdqJ-w&amp;t=274s">https://www.youtube.com/watch?v=bOy00AdqJ-w&amp;t=274s</a></p>

<p>&nbsp; Am Spittelweg entstanden 31 Wohnungen für Familien und SeniorInnen. Am 6. Juli 2017 wurde der Bau &#8222;Spittelweg&#8220; durch den Kanton Luzern mit der Anerkennung für gute Baukultur ausgezeichnet (Link). Unser Architekten Bühler und Föhn nahmen den Preis entgegen. https://www.youtube.com/watch?v=bOy00AdqJ-w&amp;t=274s</p>
