{"id":27,"date":"2018-11-12T19:17:07","date_gmt":"2018-11-12T19:17:07","guid":{"rendered":"http:\/\/profamilia-root.ch\/?page_id=27"},"modified":"2025-10-25T15:11:21","modified_gmt":"2025-10-25T15:11:21","slug":"dorfheim","status":"publish","type":"page","link":"https:\/\/profamilia-root.ch\/?page_id=27","title":{"rendered":"Dorfheim"},"content":{"rendered":"<p><img fetchpriority=\"high\" decoding=\"async\" class=\"size-medium wp-image-103\" src=\"http:\/\/profamilia-root.ch\/wp-content\/uploads\/2018\/11\/HPIM0397-gross-300x225.jpg\" alt=\"\" width=\"300\" height=\"225\" srcset=\"https:\/\/profamilia-root.ch\/wp-content\/uploads\/2018\/11\/HPIM0397-gross-300x225.jpg 300w, https:\/\/profamilia-root.ch\/wp-content\/uploads\/2018\/11\/HPIM0397-gross.jpg 640w\" sizes=\"(max-width: 300px) 100vw, 300px\" \/><\/p>\n<p><strong>Dorfheim<\/strong><\/p>\n<p>Das Bauernhaus &#8222;Dorfheim&#8220; auf dem Grundst\u00fcck Nr. 65 ist seit 2005 Eigentum der Wohnbaugenossenschaft Pro Familia Root. Die Liegenschaft wurde um 1835 erstellt. Die Parzelle Nr. 65 ist gem\u00e4ss revidiertem Zonenplan der Gemeinde Root vom 15.01.2020 in der Wohnzone B (W-B), die Wohn-Nutzungen zul\u00e4sst. Das Gebiet liegt in einem bestehenden g\u00fcltigen Gestaltungsplan (GP Nr. 27, \u00abDorf Root\u00bb). Das bestehende Geb\u00e4ude auf der Parzelle Nr. 65 wurde im Jahr 2015 ins kantonale Denkmalverzeichnis und Bauinventar &#8222;erhaltenswert&#8220; aufgenommen.<\/p>\n<p>Im Erdgeschoss befinden sich die Keller- und allgemein R\u00e4ume. In den zwei Obergeschossen befinden sich die Mietwohnungen.<\/p>\n","protected":false},"excerpt":{"rendered":"<p>Dorfheim Das Bauernhaus &#8222;Dorfheim&#8220; auf dem Grundst\u00fcck Nr. 65 ist seit 2005 Eigentum der Wohnbaugenossenschaft Pro Familia Root. Die Liegenschaft wurde um 1835 erstellt. Die Parzelle Nr. 65 ist gem\u00e4ss revidiertem Zonenplan der Gemeinde Root vom 15.01.2020 in der Wohnzone B (W-B), die Wohn-Nutzungen zul\u00e4sst. Das Gebiet liegt in einem bestehenden g\u00fcltigen Gestaltungsplan (GP Nr. &hellip; <\/p>\n<p class=\"link-more\"><a href=\"https:\/\/profamilia-root.ch\/?page_id=27\" class=\"more-link\"><span class=\"screen-reader-text\">\u201eDorfheim\u201c <\/span>weiterlesen<\/a><\/p>\n","protected":false},"author":1,"featured_media":0,"parent":0,"menu_order":0,"comment_status":"closed","ping_status":"closed","template":"","meta":{"footnotes":""},"class_list":["post-27","page","type-page","status-publish","hentry"],"_links":{"self":[{"href":"https:\/\/profamilia-root.ch\/index.php?rest_route=\/wp\/v2\/pages\/27","targetHints":{"allow":["GET"]}}],"collection":[{"href":"https:\/\/profamilia-root.ch\/index.php?rest_route=\/wp\/v2\/pages"}],"about":[{"href":"https:\/\/profamilia-root.ch\/index.php?rest_route=\/wp\/v2\/types\/page"}],"author":[{"embeddable":true,"href":"https:\/\/profamilia-root.ch\/index.php?rest_route=\/wp\/v2\/users\/1"}],"replies":[{"embeddable":true,"href":"https:\/\/profamilia-root.ch\/index.php?rest_route=%2Fwp%2Fv2%2Fcomments&post=27"}],"version-history":[{"count":3,"href":"https:\/\/profamilia-root.ch\/index.php?rest_route=\/wp\/v2\/pages\/27\/revisions"}],"predecessor-version":[{"id":827,"href":"https:\/\/profamilia-root.ch\/index.php?rest_route=\/wp\/v2\/pages\/27\/revisions\/827"}],"wp:attachment":[{"href":"https:\/\/profamilia-root.ch\/index.php?rest_route=%2Fwp%2Fv2%2Fmedia&parent=27"}],"curies":[{"name":"wp","href":"https:\/\/api.w.org\/{rel}","templated":true}]}}

<p><img fetchpriority="high" decoding="async" class="size-medium wp-image-103" src="http://profamilia-root.ch/wp-content/uploads/2018/11/HPIM0397-gross-300x225.jpg" alt="" width="300" height="225" srcset="https://profamilia-root.ch/wp-content/uploads/2018/11/HPIM0397-gross-300x225.jpg 300w, https://profamilia-root.ch/wp-content/uploads/2018/11/HPIM0397-gross.jpg 640w" sizes="(max-width: 300px) 100vw, 300px" /></p>
<p><strong>Dorfheim</strong></p>
<p>Das Bauernhaus &#8222;Dorfheim&#8220; auf dem Grundstück Nr. 65 ist seit 2005 Eigentum der Wohnbaugenossenschaft Pro Familia Root. Die Liegenschaft wurde um 1835 erstellt. Die Parzelle Nr. 65 ist gemäss revidiertem Zonenplan der Gemeinde Root vom 15.01.2020 in der Wohnzone B (W-B), die Wohn-Nutzungen zulässt. Das Gebiet liegt in einem bestehenden gültigen Gestaltungsplan (GP Nr. 27, «Dorf Root»). Das bestehende Gebäude auf der Parzelle Nr. 65 wurde im Jahr 2015 ins kantonale Denkmalverzeichnis und Bauinventar &#8222;erhaltenswert&#8220; aufgenommen.</p>
<p>Im Erdgeschoss befinden sich die Keller- und allgemein Räume. In den zwei Obergeschossen befinden sich die Mietwohnungen.</p>

<p>Dorfheim Das Bauernhaus &#8222;Dorfheim&#8220; auf dem Grundstück Nr. 65 ist seit 2005 Eigentum der Wohnbaugenossenschaft Pro Familia Root. Die Liegenschaft wurde um 1835 erstellt. Die Parzelle Nr. 65 ist gemäss revidiertem Zonenplan der Gemeinde Root vom 15.01.2020 in der Wohnzone B (W-B), die Wohn-Nutzungen zulässt. Das Gebiet liegt in einem bestehenden gültigen Gestaltungsplan (GP Nr. &hellip; </p>
<p class="link-more"><a href="https://profamilia-root.ch/?page_id=27" class="more-link"><span class="screen-reader-text">„Dorfheim“ </span>weiterlesen</a></p>
