{"id":25,"date":"2018-11-12T19:16:58","date_gmt":"2018-11-12T19:16:58","guid":{"rendered":"http:\/\/profamilia-root.ch\/?page_id=25"},"modified":"2026-04-11T12:37:44","modified_gmt":"2026-04-11T12:37:44","slug":"klausfeld","status":"publish","type":"page","link":"https:\/\/profamilia-root.ch\/?page_id=25","title":{"rendered":"Klausfeld"},"content":{"rendered":"<h4>Klausfeld<\/h4>\n<p><img fetchpriority=\"high\" decoding=\"async\" class=\"alignnone size-medium wp-image-878\" src=\"http:\/\/profamilia-root.ch\/wp-content\/uploads\/2026\/04\/IMG_1034--300x225.jpg\" alt=\"\" width=\"300\" height=\"225\" srcset=\"https:\/\/profamilia-root.ch\/wp-content\/uploads\/2026\/04\/IMG_1034--300x225.jpg 300w, https:\/\/profamilia-root.ch\/wp-content\/uploads\/2026\/04\/IMG_1034--1024x768.jpg 1024w, https:\/\/profamilia-root.ch\/wp-content\/uploads\/2026\/04\/IMG_1034--768x576.jpg 768w, https:\/\/profamilia-root.ch\/wp-content\/uploads\/2026\/04\/IMG_1034--1536x1152.jpg 1536w, https:\/\/profamilia-root.ch\/wp-content\/uploads\/2026\/04\/IMG_1034-.jpg 1632w\" sizes=\"(max-width: 300px) 100vw, 300px\" \/> <img decoding=\"async\" class=\"alignnone size-medium wp-image-838\" src=\"http:\/\/profamilia-root.ch\/wp-content\/uploads\/2025\/11\/WhatsApp-Bild-2025-11-11-um-16.27.03_e7448870-300x225.jpg\" alt=\"\" width=\"300\" height=\"225\" srcset=\"https:\/\/profamilia-root.ch\/wp-content\/uploads\/2025\/11\/WhatsApp-Bild-2025-11-11-um-16.27.03_e7448870-300x225.jpg 300w, https:\/\/profamilia-root.ch\/wp-content\/uploads\/2025\/11\/WhatsApp-Bild-2025-11-11-um-16.27.03_e7448870-1024x768.jpg 1024w, https:\/\/profamilia-root.ch\/wp-content\/uploads\/2025\/11\/WhatsApp-Bild-2025-11-11-um-16.27.03_e7448870-768x576.jpg 768w, https:\/\/profamilia-root.ch\/wp-content\/uploads\/2025\/11\/WhatsApp-Bild-2025-11-11-um-16.27.03_e7448870-1536x1152.jpg 1536w, https:\/\/profamilia-root.ch\/wp-content\/uploads\/2025\/11\/WhatsApp-Bild-2025-11-11-um-16.27.03_e7448870.jpg 2048w\" sizes=\"(max-width: 300px) 100vw, 300px\" \/><\/p>\n<p>Das Grundst\u00fcck Geissbachacker, welches direkt vor der Haust\u00fcre des Pr\u00e4sidenten Jakob D\u00fcrrm\u00fcller an der Klausfeldstrasse gelegen ist, hatte den Vorstand schon immer interessiert. Dieses Grundst\u00fcck war im Eigentum der Kirchgemeinde Root und war jahrelang als Realersatz f\u00fcr den Bau des Altersheimes reserviert. Als das Altersheim Unterfeld Root, anfangs 1989 dem Betrieb \u00fcbergeben wurde, wurde dieses Grundst\u00fcck, welches in der dreigeschossigen Wohnzone eingestuft war, frei. Nachdem der Kirchenschreiber Walter Sch\u00e4rli den Vorstand der Genossenschaft auf die neue Situation aufmerksam machte, wurde ein Gesuch um Kauf des Grundst\u00fcckes Geissbachacker dem Kirchenrat eingereicht und die Verhandlungen konnten aufgenommen werden.<\/p>\n<p>An der Urnenabstimmung vom 1. April 1990 in der Kirchengemeinde Root wurde dem Verkauf des Grundst\u00fcckes Nr. 52, Grundbuch Root, Geissbachacker, haltend 48.31 a zum Preis von 966\u2019200, bzw. Fr. 200.- pro m2 grossmehrheitlich zugestimmt. Damit stand der \u00dcberbauung des Grundst\u00fcckes Geissbachacker durch die Wohnbaugenossenschaft Pro Familia Root nichts mehr im Wege.<\/p>\n<p>Nach erster Berechnung war es m\u00f6glich, auf diesem Grundst\u00fcck zirka 26 \u2013 28 Wohnungen zu verwirklichen. Gem\u00e4ss einer Zusicherung an den Kirchenrat wurde vorgesehen, 2\/3 Alterswohnungen und 1\/3 Familienwohnungen zu planen. Aus einem durchgef\u00fchrten Architekturwettbewerb ging das Projekt des Architekturb\u00fcros Hugo Flory und Partner, Luzern als Sieger hervor. Dieses Projekt wurde gem\u00e4ss den Weisungen des WEG (Wohn- und Eigentumsf\u00f6rderungsgesetz) \u00fcberarbeitet und den Beh\u00f6rden des WEG zur Begutachtung \u00fcbergeben.<\/p>\n<p>Am 15. Januar 1993 erfolgte der Spatenstich und damit der Start in die Bauphase. W\u00e4hrend die Rohbauphase sehr schnell vorankam, verlief die Ausbauphase trotz Rezession eher harzig.<\/p>\n<p>Am\u00a0 1. M\u00e4rz <strong>1994<\/strong> konnten alle 27 Wohnungen bezogen werden. Der Wohnungsmix setzt sich wie folgt zusammen:<\/p>\n<ul>\n<li>f\u00fcnfzehn 2 1\/2-Zimmer Alterswohnungen<\/li>\n<li>eine 2 1\/2-Zimmer Invalidenwohnung<\/li>\n<li>zwei 3 1\/2-Zimmer Familienwohnungen<\/li>\n<li>neun 4 1\/2-Zimmer Familienwohnungen.<\/li>\n<\/ul>\n<p>Dazu kommen eine Autoeinstellhalle f\u00fcr 28 Personenwagen, ein B\u00fcro- und ein Gemeinschaftstrakt bei den Alterswohnungen und eine grosse Gartenhalle samt angrenzendem Kinderspielplatz. Die gesamte Anlage fand bei den BewohnerInnen und Beh\u00f6rden grosse Anerkennung.<\/p>\n<p>Trotz tiefgreifender Sparmassnahmen der Baukommission konnte der Kostenvoranschlag nicht eingehalten werden. Die gesamten Anlagekosten wurden mit Fr. 8\u2019857\u2019000.- abgerechnet.\u00a0<\/p>\n<p>Erfreulicherweise konnten alle 27 Wohnungen ohne grosse Inseratekosten vermietet werden.<\/p>\n<p>Die Erfahrungen im Geissbachacker haben gezeigt, dass eine Mischung von Betagten- und Familienwohnungen innerhalb einer \u00dcberbauung sehr positiv f\u00fcr die Bewohner ist. Eine Trennung des Wohntrakts von Betagten- und Familienwohnungen ist aber wichtig, da die Betagten und die Familien in einem v\u00f6llig andern Tagesrhythmus leben. Innerhalb der letzten von nur 20 Monaten ist im Geissbachacker eine echte Quartiergemeinschaft entstanden.<\/p>\n\n\n<p>Im Jahr <strong>2025 <\/strong>wurde das gesamte Klausfeld aussen renoviert und im Klausfeld 2 und 2a mit Solarmodulen erg\u00e4nzt. <\/p>\n\n\n\n<figure class=\"wp-block-gallery has-nested-images columns-default is-cropped wp-block-gallery-1 is-layout-flex wp-block-gallery-is-layout-flex\">\n<figure class=\"wp-block-image size-large\"><img decoding=\"async\" width=\"1024\" height=\"193\" data-id=\"846\" src=\"http:\/\/profamilia-root.ch\/wp-content\/uploads\/2025\/11\/Renovation-Gesamtbild-1024x193.jpg\" alt=\"\" class=\"wp-image-846\" srcset=\"https:\/\/profamilia-root.ch\/wp-content\/uploads\/2025\/11\/Renovation-Gesamtbild-1024x193.jpg 1024w, https:\/\/profamilia-root.ch\/wp-content\/uploads\/2025\/11\/Renovation-Gesamtbild-300x56.jpg 300w, https:\/\/profamilia-root.ch\/wp-content\/uploads\/2025\/11\/Renovation-Gesamtbild-768x144.jpg 768w, https:\/\/profamilia-root.ch\/wp-content\/uploads\/2025\/11\/Renovation-Gesamtbild.jpg 1101w\" sizes=\"(max-width: 767px) 89vw, (max-width: 1000px) 54vw, (max-width: 1071px) 543px, 580px\" \/><\/figure>\n<\/figure>\n\n\n\n<figure class=\"wp-block-image size-large\"><img loading=\"lazy\" decoding=\"async\" width=\"1024\" height=\"768\" src=\"http:\/\/profamilia-root.ch\/wp-content\/uploads\/2025\/11\/WhatsApp-Bild-2025-11-11-um-16.27.03_e7448870-1024x768.jpg\" alt=\"\" class=\"wp-image-838\" srcset=\"https:\/\/profamilia-root.ch\/wp-content\/uploads\/2025\/11\/WhatsApp-Bild-2025-11-11-um-16.27.03_e7448870-1024x768.jpg 1024w, https:\/\/profamilia-root.ch\/wp-content\/uploads\/2025\/11\/WhatsApp-Bild-2025-11-11-um-16.27.03_e7448870-300x225.jpg 300w, https:\/\/profamilia-root.ch\/wp-content\/uploads\/2025\/11\/WhatsApp-Bild-2025-11-11-um-16.27.03_e7448870-768x576.jpg 768w, https:\/\/profamilia-root.ch\/wp-content\/uploads\/2025\/11\/WhatsApp-Bild-2025-11-11-um-16.27.03_e7448870-1536x1152.jpg 1536w, https:\/\/profamilia-root.ch\/wp-content\/uploads\/2025\/11\/WhatsApp-Bild-2025-11-11-um-16.27.03_e7448870.jpg 2048w\" sizes=\"(max-width: 767px) 89vw, (max-width: 1000px) 54vw, (max-width: 1071px) 543px, 580px\" \/><\/figure>\n\n\n\n<figure class=\"wp-block-image size-large\"><img loading=\"lazy\" decoding=\"async\" width=\"768\" height=\"1024\" src=\"http:\/\/profamilia-root.ch\/wp-content\/uploads\/2025\/11\/WhatsApp-Bild-2025-11-11-um-16.27.03_666a9022-768x1024.jpg\" alt=\"\" class=\"wp-image-837\" srcset=\"https:\/\/profamilia-root.ch\/wp-content\/uploads\/2025\/11\/WhatsApp-Bild-2025-11-11-um-16.27.03_666a9022-768x1024.jpg 768w, https:\/\/profamilia-root.ch\/wp-content\/uploads\/2025\/11\/WhatsApp-Bild-2025-11-11-um-16.27.03_666a9022-225x300.jpg 225w, https:\/\/profamilia-root.ch\/wp-content\/uploads\/2025\/11\/WhatsApp-Bild-2025-11-11-um-16.27.03_666a9022-1152x1536.jpg 1152w, https:\/\/profamilia-root.ch\/wp-content\/uploads\/2025\/11\/WhatsApp-Bild-2025-11-11-um-16.27.03_666a9022.jpg 1536w\" sizes=\"(max-width: 767px) 89vw, (max-width: 1000px) 54vw, (max-width: 1071px) 543px, 580px\" \/><\/figure>\n","protected":false},"excerpt":{"rendered":"<p>Klausfeld Das Grundst\u00fcck Geissbachacker, welches direkt vor der Haust\u00fcre des Pr\u00e4sidenten Jakob D\u00fcrrm\u00fcller an der Klausfeldstrasse gelegen ist, hatte den Vorstand schon immer interessiert. Dieses Grundst\u00fcck war im Eigentum der Kirchgemeinde Root und war jahrelang als Realersatz f\u00fcr den Bau des Altersheimes reserviert. Als das Altersheim Unterfeld Root, anfangs 1989 dem Betrieb \u00fcbergeben wurde, wurde &hellip; <\/p>\n<p class=\"link-more\"><a href=\"https:\/\/profamilia-root.ch\/?page_id=25\" class=\"more-link\"><span class=\"screen-reader-text\">\u201eKlausfeld\u201c <\/span>weiterlesen<\/a><\/p>\n","protected":false},"author":1,"featured_media":0,"parent":0,"menu_order":0,"comment_status":"closed","ping_status":"closed","template":"","meta":{"footnotes":""},"class_list":["post-25","page","type-page","status-publish","hentry"],"_links":{"self":[{"href":"https:\/\/profamilia-root.ch\/index.php?rest_route=\/wp\/v2\/pages\/25","targetHints":{"allow":["GET"]}}],"collection":[{"href":"https:\/\/profamilia-root.ch\/index.php?rest_route=\/wp\/v2\/pages"}],"about":[{"href":"https:\/\/profamilia-root.ch\/index.php?rest_route=\/wp\/v2\/types\/page"}],"author":[{"embeddable":true,"href":"https:\/\/profamilia-root.ch\/index.php?rest_route=\/wp\/v2\/users\/1"}],"replies":[{"embeddable":true,"href":"https:\/\/profamilia-root.ch\/index.php?rest_route=%2Fwp%2Fv2%2Fcomments&post=25"}],"version-history":[{"count":7,"href":"https:\/\/profamilia-root.ch\/index.php?rest_route=\/wp\/v2\/pages\/25\/revisions"}],"predecessor-version":[{"id":882,"href":"https:\/\/profamilia-root.ch\/index.php?rest_route=\/wp\/v2\/pages\/25\/revisions\/882"}],"wp:attachment":[{"href":"https:\/\/profamilia-root.ch\/index.php?rest_route=%2Fwp%2Fv2%2Fmedia&parent=25"}],"curies":[{"name":"wp","href":"https:\/\/api.w.org\/{rel}","templated":true}]}}

<h4>Klausfeld</h4>
<p><img fetchpriority="high" decoding="async" class="alignnone size-medium wp-image-878" src="http://profamilia-root.ch/wp-content/uploads/2026/04/IMG_1034--300x225.jpg" alt="" width="300" height="225" srcset="https://profamilia-root.ch/wp-content/uploads/2026/04/IMG_1034--300x225.jpg 300w, https://profamilia-root.ch/wp-content/uploads/2026/04/IMG_1034--1024x768.jpg 1024w, https://profamilia-root.ch/wp-content/uploads/2026/04/IMG_1034--768x576.jpg 768w, https://profamilia-root.ch/wp-content/uploads/2026/04/IMG_1034--1536x1152.jpg 1536w, https://profamilia-root.ch/wp-content/uploads/2026/04/IMG_1034-.jpg 1632w" sizes="(max-width: 300px) 100vw, 300px" /> <img decoding="async" class="alignnone size-medium wp-image-838" src="http://profamilia-root.ch/wp-content/uploads/2025/11/WhatsApp-Bild-2025-11-11-um-16.27.03_e7448870-300x225.jpg" alt="" width="300" height="225" srcset="https://profamilia-root.ch/wp-content/uploads/2025/11/WhatsApp-Bild-2025-11-11-um-16.27.03_e7448870-300x225.jpg 300w, https://profamilia-root.ch/wp-content/uploads/2025/11/WhatsApp-Bild-2025-11-11-um-16.27.03_e7448870-1024x768.jpg 1024w, https://profamilia-root.ch/wp-content/uploads/2025/11/WhatsApp-Bild-2025-11-11-um-16.27.03_e7448870-768x576.jpg 768w, https://profamilia-root.ch/wp-content/uploads/2025/11/WhatsApp-Bild-2025-11-11-um-16.27.03_e7448870-1536x1152.jpg 1536w, https://profamilia-root.ch/wp-content/uploads/2025/11/WhatsApp-Bild-2025-11-11-um-16.27.03_e7448870.jpg 2048w" sizes="(max-width: 300px) 100vw, 300px" /></p>
<p>Das Grundstück Geissbachacker, welches direkt vor der Haustüre des Präsidenten Jakob Dürrmüller an der Klausfeldstrasse gelegen ist, hatte den Vorstand schon immer interessiert. Dieses Grundstück war im Eigentum der Kirchgemeinde Root und war jahrelang als Realersatz für den Bau des Altersheimes reserviert. Als das Altersheim Unterfeld Root, anfangs 1989 dem Betrieb übergeben wurde, wurde dieses Grundstück, welches in der dreigeschossigen Wohnzone eingestuft war, frei. Nachdem der Kirchenschreiber Walter Schärli den Vorstand der Genossenschaft auf die neue Situation aufmerksam machte, wurde ein Gesuch um Kauf des Grundstückes Geissbachacker dem Kirchenrat eingereicht und die Verhandlungen konnten aufgenommen werden.</p>
<p>An der Urnenabstimmung vom 1. April 1990 in der Kirchengemeinde Root wurde dem Verkauf des Grundstückes Nr. 52, Grundbuch Root, Geissbachacker, haltend 48.31 a zum Preis von 966’200, bzw. Fr. 200.- pro m2 grossmehrheitlich zugestimmt. Damit stand der Überbauung des Grundstückes Geissbachacker durch die Wohnbaugenossenschaft Pro Familia Root nichts mehr im Wege.</p>
<p>Nach erster Berechnung war es möglich, auf diesem Grundstück zirka 26 – 28 Wohnungen zu verwirklichen. Gemäss einer Zusicherung an den Kirchenrat wurde vorgesehen, 2/3 Alterswohnungen und 1/3 Familienwohnungen zu planen. Aus einem durchgeführten Architekturwettbewerb ging das Projekt des Architekturbüros Hugo Flory und Partner, Luzern als Sieger hervor. Dieses Projekt wurde gemäss den Weisungen des WEG (Wohn- und Eigentumsförderungsgesetz) überarbeitet und den Behörden des WEG zur Begutachtung übergeben.</p>
<p>Am 15. Januar 1993 erfolgte der Spatenstich und damit der Start in die Bauphase. Während die Rohbauphase sehr schnell vorankam, verlief die Ausbauphase trotz Rezession eher harzig.</p>
<p>Am  1. März <strong>1994</strong> konnten alle 27 Wohnungen bezogen werden. Der Wohnungsmix setzt sich wie folgt zusammen:</p>
<ul>
<li>fünfzehn 2 1/2-Zimmer Alterswohnungen</li>
<li>eine 2 1/2-Zimmer Invalidenwohnung</li>
<li>zwei 3 1/2-Zimmer Familienwohnungen</li>
<li>neun 4 1/2-Zimmer Familienwohnungen.</li>
</ul>
<p>Dazu kommen eine Autoeinstellhalle für 28 Personenwagen, ein Büro- und ein Gemeinschaftstrakt bei den Alterswohnungen und eine grosse Gartenhalle samt angrenzendem Kinderspielplatz. Die gesamte Anlage fand bei den BewohnerInnen und Behörden grosse Anerkennung.</p>
<p>Trotz tiefgreifender Sparmassnahmen der Baukommission konnte der Kostenvoranschlag nicht eingehalten werden. Die gesamten Anlagekosten wurden mit Fr. 8’857’000.- abgerechnet. </p>
<p>Erfreulicherweise konnten alle 27 Wohnungen ohne grosse Inseratekosten vermietet werden.</p>
<p>Die Erfahrungen im Geissbachacker haben gezeigt, dass eine Mischung von Betagten- und Familienwohnungen innerhalb einer Überbauung sehr positiv für die Bewohner ist. Eine Trennung des Wohntrakts von Betagten- und Familienwohnungen ist aber wichtig, da die Betagten und die Familien in einem völlig andern Tagesrhythmus leben. Innerhalb der letzten von nur 20 Monaten ist im Geissbachacker eine echte Quartiergemeinschaft entstanden.</p>


<p>Im Jahr <strong>2025 </strong>wurde das gesamte Klausfeld aussen renoviert und im Klausfeld 2 und 2a mit Solarmodulen ergänzt. </p>



<figure class="wp-block-gallery has-nested-images columns-default is-cropped wp-block-gallery-1 is-layout-flex wp-block-gallery-is-layout-flex">
<figure class="wp-block-image size-large"><img decoding="async" width="1024" height="193" data-id="846" src="http://profamilia-root.ch/wp-content/uploads/2025/11/Renovation-Gesamtbild-1024x193.jpg" alt="" class="wp-image-846" srcset="https://profamilia-root.ch/wp-content/uploads/2025/11/Renovation-Gesamtbild-1024x193.jpg 1024w, https://profamilia-root.ch/wp-content/uploads/2025/11/Renovation-Gesamtbild-300x56.jpg 300w, https://profamilia-root.ch/wp-content/uploads/2025/11/Renovation-Gesamtbild-768x144.jpg 768w, https://profamilia-root.ch/wp-content/uploads/2025/11/Renovation-Gesamtbild.jpg 1101w" sizes="(max-width: 767px) 89vw, (max-width: 1000px) 54vw, (max-width: 1071px) 543px, 580px" /></figure>
</figure>



<figure class="wp-block-image size-large"><img loading="lazy" decoding="async" width="1024" height="768" src="http://profamilia-root.ch/wp-content/uploads/2025/11/WhatsApp-Bild-2025-11-11-um-16.27.03_e7448870-1024x768.jpg" alt="" class="wp-image-838" srcset="https://profamilia-root.ch/wp-content/uploads/2025/11/WhatsApp-Bild-2025-11-11-um-16.27.03_e7448870-1024x768.jpg 1024w, https://profamilia-root.ch/wp-content/uploads/2025/11/WhatsApp-Bild-2025-11-11-um-16.27.03_e7448870-300x225.jpg 300w, https://profamilia-root.ch/wp-content/uploads/2025/11/WhatsApp-Bild-2025-11-11-um-16.27.03_e7448870-768x576.jpg 768w, https://profamilia-root.ch/wp-content/uploads/2025/11/WhatsApp-Bild-2025-11-11-um-16.27.03_e7448870-1536x1152.jpg 1536w, https://profamilia-root.ch/wp-content/uploads/2025/11/WhatsApp-Bild-2025-11-11-um-16.27.03_e7448870.jpg 2048w" sizes="(max-width: 767px) 89vw, (max-width: 1000px) 54vw, (max-width: 1071px) 543px, 580px" /></figure>



<figure class="wp-block-image size-large"><img loading="lazy" decoding="async" width="768" height="1024" src="http://profamilia-root.ch/wp-content/uploads/2025/11/WhatsApp-Bild-2025-11-11-um-16.27.03_666a9022-768x1024.jpg" alt="" class="wp-image-837" srcset="https://profamilia-root.ch/wp-content/uploads/2025/11/WhatsApp-Bild-2025-11-11-um-16.27.03_666a9022-768x1024.jpg 768w, https://profamilia-root.ch/wp-content/uploads/2025/11/WhatsApp-Bild-2025-11-11-um-16.27.03_666a9022-225x300.jpg 225w, https://profamilia-root.ch/wp-content/uploads/2025/11/WhatsApp-Bild-2025-11-11-um-16.27.03_666a9022-1152x1536.jpg 1152w, https://profamilia-root.ch/wp-content/uploads/2025/11/WhatsApp-Bild-2025-11-11-um-16.27.03_666a9022.jpg 1536w" sizes="(max-width: 767px) 89vw, (max-width: 1000px) 54vw, (max-width: 1071px) 543px, 580px" /></figure>

<p>Klausfeld Das Grundstück Geissbachacker, welches direkt vor der Haustüre des Präsidenten Jakob Dürrmüller an der Klausfeldstrasse gelegen ist, hatte den Vorstand schon immer interessiert. Dieses Grundstück war im Eigentum der Kirchgemeinde Root und war jahrelang als Realersatz für den Bau des Altersheimes reserviert. Als das Altersheim Unterfeld Root, anfangs 1989 dem Betrieb übergeben wurde, wurde &hellip; </p>
<p class="link-more"><a href="https://profamilia-root.ch/?page_id=25" class="more-link"><span class="screen-reader-text">„Klausfeld“ </span>weiterlesen</a></p>
