{"id":19,"date":"2018-11-12T19:16:08","date_gmt":"2018-11-12T19:16:08","guid":{"rendered":"http:\/\/profamilia-root.ch\/?page_id=19"},"modified":"2025-10-25T15:17:14","modified_gmt":"2025-10-25T15:17:14","slug":"ronmatt-14","status":"publish","type":"page","link":"https:\/\/profamilia-root.ch\/?page_id=19","title":{"rendered":"Ronmatt 14"},"content":{"rendered":"<figure id=\"attachment_248\" aria-describedby=\"caption-attachment-248\" style=\"width: 300px\" class=\"wp-caption alignnone\"><img fetchpriority=\"high\" decoding=\"async\" class=\"size-medium wp-image-248\" src=\"http:\/\/profamilia-root.ch\/wp-content\/uploads\/2018\/11\/HPIM0370-2-300x225.jpg\" alt=\"\" width=\"300\" height=\"225\" srcset=\"https:\/\/profamilia-root.ch\/wp-content\/uploads\/2018\/11\/HPIM0370-2-300x225.jpg 300w, https:\/\/profamilia-root.ch\/wp-content\/uploads\/2018\/11\/HPIM0370-2.jpg 640w\" sizes=\"(max-width: 300px) 100vw, 300px\" \/><figcaption id=\"caption-attachment-248\" class=\"wp-caption-text\">Ronmatt 14<\/figcaption><\/figure>\n<p>Unter der technischen Beratung von Architekt Josef Br\u00fcndler, Root, wurde die Planung des zweiten 8-Familienhauses (Ronhof) in Angriff genommen. An der Generalversammlung vom 14. August 1963 wurde ein Baukredit von Franken 400\u2019000.- beschlossen. Infolge ungerechtfertigter und unerwarteter Einsprachen wurde der Baubeginn bis zum Sp\u00e4tsommer verz\u00f6gert. Im Fr\u00fchjahr 1965 konnten die Wohnungen bezogen werden. Die Mietzinse betrugen f\u00fcr eine 3 Zimmerwohnung Fr. 240.- und f\u00fcr eine 4 Zimmerwohnung Fr. 285.-.<\/p>\n<p>F\u00fcr die Mitfinanzierung wurde bei den zust\u00e4ndigen Beh\u00f6rden ein\u00a0 Subventionsgesuch eingereicht. Dieses Gesuch wurde an der Gemeindeversammlung von Root abgewiesen. Die grosse Entt\u00e4uschung zeigt sich in der \u00c4usserung anl\u00e4sslich der Generalversammlung vom 14. August 1963. Zitat:\u00a0<em>\u201eHerr Hug ist \u00fcberrascht \u00fcber die Ablehnung unseres Subventionsgesuches. Es mute fast unglaublich an, wenn sich eine Gemeinde unter fadenscheinigen Ausfl\u00fcchten um ihre sozialen Verpflichtungen herumdr\u00fccke, nachdem soziale Baugenossenschaften grosse Leistungen aufweisen k\u00f6nnen\u201c.<\/em>\u00a0Diese Situation zeigt deutlich auf, dass die christlich-sozialen Gruppierungen zu dieser Zeit kaum ernst genommen wurden.<\/p>\n","protected":false},"excerpt":{"rendered":"<p>Unter der technischen Beratung von Architekt Josef Br\u00fcndler, Root, wurde die Planung des zweiten 8-Familienhauses (Ronhof) in Angriff genommen. An der Generalversammlung vom 14. August 1963 wurde ein Baukredit von Franken 400\u2019000.- beschlossen. Infolge ungerechtfertigter und unerwarteter Einsprachen wurde der Baubeginn bis zum Sp\u00e4tsommer verz\u00f6gert. Im Fr\u00fchjahr 1965 konnten die Wohnungen bezogen werden. Die Mietzinse &hellip; <\/p>\n<p class=\"link-more\"><a href=\"https:\/\/profamilia-root.ch\/?page_id=19\" class=\"more-link\"><span class=\"screen-reader-text\">\u201eRonmatt 14\u201c <\/span>weiterlesen<\/a><\/p>\n","protected":false},"author":1,"featured_media":0,"parent":0,"menu_order":0,"comment_status":"closed","ping_status":"closed","template":"","meta":{"footnotes":""},"class_list":["post-19","page","type-page","status-publish","hentry"],"_links":{"self":[{"href":"https:\/\/profamilia-root.ch\/index.php?rest_route=\/wp\/v2\/pages\/19","targetHints":{"allow":["GET"]}}],"collection":[{"href":"https:\/\/profamilia-root.ch\/index.php?rest_route=\/wp\/v2\/pages"}],"about":[{"href":"https:\/\/profamilia-root.ch\/index.php?rest_route=\/wp\/v2\/types\/page"}],"author":[{"embeddable":true,"href":"https:\/\/profamilia-root.ch\/index.php?rest_route=\/wp\/v2\/users\/1"}],"replies":[{"embeddable":true,"href":"https:\/\/profamilia-root.ch\/index.php?rest_route=%2Fwp%2Fv2%2Fcomments&post=19"}],"version-history":[{"count":3,"href":"https:\/\/profamilia-root.ch\/index.php?rest_route=\/wp\/v2\/pages\/19\/revisions"}],"predecessor-version":[{"id":831,"href":"https:\/\/profamilia-root.ch\/index.php?rest_route=\/wp\/v2\/pages\/19\/revisions\/831"}],"wp:attachment":[{"href":"https:\/\/profamilia-root.ch\/index.php?rest_route=%2Fwp%2Fv2%2Fmedia&parent=19"}],"curies":[{"name":"wp","href":"https:\/\/api.w.org\/{rel}","templated":true}]}}

<figure id="attachment_248" aria-describedby="caption-attachment-248" style="width: 300px" class="wp-caption alignnone"><img fetchpriority="high" decoding="async" class="size-medium wp-image-248" src="http://profamilia-root.ch/wp-content/uploads/2018/11/HPIM0370-2-300x225.jpg" alt="" width="300" height="225" srcset="https://profamilia-root.ch/wp-content/uploads/2018/11/HPIM0370-2-300x225.jpg 300w, https://profamilia-root.ch/wp-content/uploads/2018/11/HPIM0370-2.jpg 640w" sizes="(max-width: 300px) 100vw, 300px" /><figcaption id="caption-attachment-248" class="wp-caption-text">Ronmatt 14</figcaption></figure>
<p>Unter der technischen Beratung von Architekt Josef Bründler, Root, wurde die Planung des zweiten 8-Familienhauses (Ronhof) in Angriff genommen. An der Generalversammlung vom 14. August 1963 wurde ein Baukredit von Franken 400’000.- beschlossen. Infolge ungerechtfertigter und unerwarteter Einsprachen wurde der Baubeginn bis zum Spätsommer verzögert. Im Frühjahr 1965 konnten die Wohnungen bezogen werden. Die Mietzinse betrugen für eine 3 Zimmerwohnung Fr. 240.- und für eine 4 Zimmerwohnung Fr. 285.-.</p>
<p>Für die Mitfinanzierung wurde bei den zuständigen Behörden ein  Subventionsgesuch eingereicht. Dieses Gesuch wurde an der Gemeindeversammlung von Root abgewiesen. Die grosse Enttäuschung zeigt sich in der Äusserung anlässlich der Generalversammlung vom 14. August 1963. Zitat: <em>„Herr Hug ist überrascht über die Ablehnung unseres Subventionsgesuches. Es mute fast unglaublich an, wenn sich eine Gemeinde unter fadenscheinigen Ausflüchten um ihre sozialen Verpflichtungen herumdrücke, nachdem soziale Baugenossenschaften grosse Leistungen aufweisen können“.</em> Diese Situation zeigt deutlich auf, dass die christlich-sozialen Gruppierungen zu dieser Zeit kaum ernst genommen wurden.</p>

<p>Unter der technischen Beratung von Architekt Josef Bründler, Root, wurde die Planung des zweiten 8-Familienhauses (Ronhof) in Angriff genommen. An der Generalversammlung vom 14. August 1963 wurde ein Baukredit von Franken 400’000.- beschlossen. Infolge ungerechtfertigter und unerwarteter Einsprachen wurde der Baubeginn bis zum Spätsommer verzögert. Im Frühjahr 1965 konnten die Wohnungen bezogen werden. Die Mietzinse &hellip; </p>
<p class="link-more"><a href="https://profamilia-root.ch/?page_id=19" class="more-link"><span class="screen-reader-text">„Ronmatt 14“ </span>weiterlesen</a></p>
